 -3 + (-2 - -4) - -5.
3
What is -10 + 10 + 5 + -6?
-1
Calculate 2 + (3 - 3) + 1.
3
Evaluate -14 + 20 + -11 - (0 + 1).
-6
7 + 3 + -7 + 1 + -9
-5
What is 5 + 3 + -5 - 4?
-1
Calculate 3 - -1 - (28 + -18).
-6
Calculate -8 - (1 + -9 - 2).
2
What is 3 - (1 + 1 + -1)?
2
-3 - (0 - 3) - 0
0
Evaluate -108 + 108 - (8 - (4 + -2)).
-6
What is the value of -13 - (-35 + 43 + (-11 - 1))?
-9
Calculate -13 + 15 + (2 - 1).
3
What is (-13 - (0 - -6)) + 11?
-8
Calculate 8 + -8 - (21 + -4 - 9).
-8
1 + 0 + (-3 - -6) + 0
4
-2 + 2 + (9 - 11)
-2
What is (-5 - -2) + 3 + -4 + 0?
-4
Calculate 3 + 0 + -1 + 1.
3
Evaluate (30 - 32) + -1 + 4.
1
What is the value of -1 - -1 - (-14 - (6 + -12))?
8
Calculate (-2 - 2) + (8 - (-3 - -7)).
0
Evaluate -11 + (12 - 5) - -4.
0
What is the value of -2 + 11 - 5 - (-4 - -2)?
6
Calculate -3 + (1 - (-4 - -4)).
-2
-8 + 1 + (-22 - 0 - -22)
-7
Evaluate (7 - (4 - -8)) + 2.
-3
What is the value of -2 - (1 + -3 + 4)?
-4
Evaluate 6 - (0 + (-7 - -8)).
5
6 + -15 - -10 - (0 + 6)
-5
What is the value of -9 + 11 + 4 + -1?
5
Calculate -5 + 5 + 1 + 1.
2
Evaluate -1 + -4 + (37 - 34).
-2
-2 - ((4 - 6) + -1)
1
Evaluate 0 + 1 + (-16 - -12) - 0.
-3
What is (4 - -2) + (-10 + 10 - 5)?
1
What is 2 + (1 - 0) + 4 + 1?
8
Calculate (13 - (12 + -4 + -2)) + -1.
6
Evaluate (-14 + 0 - -13) + (1 - -4).
4
What is 1 + -3 - (4 + -1 - 6)?
1
0 + 2 - 9 - -12
5
Evaluate 1 - 3 - (2 - (1 - 1)).
-4
What is 7 + -2 + 2 + 126 + -131?
2
Calculate -9 + (2 - -3) - -4.
0
Calculate 31 - 34 - (2 + 3 + -2).
-6
-7 - (-6 + -1) - 1 - 8
-9
What is the value of -1 + -4 + 4 + -3?
-4
Evaluate (-2 - -2 - -1) + 4 + -5.
0
Calculate 1 - (7 + 0 - 2).
-4
Evaluate 5 + (2 - (-1 - -3)).
5
What is the value of 1 - -3 - (11 + (-8 - 4))?
5
What is the value of (-5 - -1) + (8 - 5) + -5?
-6
Calculate (9 - (-3 + 7)) + 0 + -5.
0
What is 1 + -3 + 10 + -8?
0
What is 3 + (1 - -1) + -10?
-5
Evaluate (-3 - -3) + -6 + 0 + 3.
-3
What is the value of -2 + 0 + -1 + (-76 - -78)?
-1
What is the value of (-2 - -1) + -49 + 46 + 10?
6
What is -1 + (1 - 3) + -2?
-5
What is 2 - (2 + 4) - (1 + -6)?
1
What is the value of 11 - ((-72 - -69) + 1 + 3)?
10
Evaluate 1 + (0 + 0 + -3 - 2).
-4
What is the value of 7 - -2 - (-1 + 4)?
6
What is the value of (0 - 2) + -1 + -3 + 6?
0
Calculate -38 + 40 - (3 + 0).
-1
What is 3 + -1 - (-3 + 4)?
1
0 + (-5 - -1) + 6
2
Calculate -3 - (0 - -1) - -4.
0
What is -7 - (7 - (-9 - -16))?
-7
Calculate 9 + -6 + 1 + -6.
-2
What is -11 - (5 + -8) - -3?
-5
What is -4 + 4 + -4 + (2 - -7)?
5
(1 + 6 + -3 - 4) + 2
2
Calculate (-4 - -6) + -2 - (6 + -10).
4
What is the value of 3 + (-5 - 0 - (16 - 17))?
-1
Calculate -2 + 7 + (13 - 6 - 8).
4
Evaluate (8 - 3 - 2) + 3 - 7.
-1
Evaluate (-2 - -4) + 2 + (32 - 33).
3
Calculate -5 + (12 + -10 - -3).
0
What is 1 + -15 + 20 + 5?
11
-3 + 7 + (-3 - 4)
-3
What is the value of (15 - (-1 - -21)) + 14 + -1?
8
What is the value of (-7 - -10) + 0 + -2?
1
Evaluate -5 - (5 - (9 + 5)).
4
Evaluate (4 + -2 - (32 + -26)) + -2.
-6
Calculate 7 + (10 + -9 - 2).
6
Calculate -66 + 55 + (-2 - -12).
-1
Evaluate 4 - ((-8 - -15) + -8 - 5).
10
What is (1 - -1) + -4 + 6?
4
What is -1 - (3 + -4) - (4 - 0)?
-4
What is the value of (-15 - (-8 - -5)) + 20?
8
What is the value of 10 + -5 + (2 - 5) - -5?
7
What is (-6 - (-12 - -7)) + (5 - 1)?
3
Calculate 5 + -3 - (64 - 62).
0
(-3 - 3) + 0 - -5
-1
What is (-6 - 0) + (8 - -1 - 2)?
1
Evaluate 34 + -25 + (-5 - (3 - 5)).
6
What is the value of -12 + 10 - (0 - -1) - 2?
-5
((0 - 3) + 5 - 1) + 3
4
-2 + (1 - 3) + -10 + 10
-4
-5 - (12 + -25 - -18)
-10
Evaluate -7 + 3 + 1 + 1 - 0.
-2
Calculate -3 - 2 - (-6 + 0) - 3.
-2
What is 0 - (4 + 2 + -3 + -1)?
-2
6 + (4 - 4) + -3
3
-8 + (5 - 1 - 3)
-7
What is 25 - 24 - (-1 - (-3 + 3))?
2
(1 - (2 + 4 + -12)) + -1
6
Calculate 9 + -1 + -9 + 10.
9
What is the value of -2 + 4 + -5 + -2?
-5
Calculate (-12 - -23) + 1 + -4.
8
What is -7 + 1 - (-3 - (-13 - -13))?
-3
What is the value of -2 + 12 + -6 - 4?
0
Evaluate 8 + -14 + -3 + 5.
-4
What is -4 - ((-6 + 4 - -6) + -4)?
-4
What is 14 + -14 + (2 - (2 - 3))?
3
What is -5 - (-8 + (10 - 2))?
-5
What is 3 - (1 - (2 - 1 - 4))?
-1
What is the value of (-3 - (-7 + 1)) + (-4 - -3)?
2
0 - ((-9 - (-3 - 1)) + 6)
-1
-2 - (2 + -4) - (-1 - -4)
-3
What is the value of 5 - 6 - (0 - -2 - 0)?
-3
2 - 2 - -2 - (1 - 4)
5
Evaluate (3 - (-1 + 5 - 1)) + -2.
-2
-1 + (-3 - -4) + 1
1
45 + -37 - (-1 + (3 - -1))
5
Calculate (-8 - (2 + -7)) + 11.
8
Calculate 1 + 13 + (0 - 5) + -4.
5
Calculate 13 + -21 - (-10 - -4).
-2
Calculate -1 - (-6 - (3 - 11)).
-3
Calculate 0 + (-1 - (-4 + -3 - -2)).
4
What is -6 - -4 - (-8 + 2)?
4
10 + 4 + (6 + -12 - 1)
7
What is (14 - 20) + (-3 - (-3 - -2))?
-8
What is 4 - (-2 - 1) - (-3 - -16)?
-6
Calculate -5 - (6 + -7 + 6 - 8).
-2
9 + (-1 - (-8 + 3 - -7))
6
Calculate -9 - (-8 - (-5 + 2)).
-4
-9 + (2 + -1 - -3) + 2
-3
What is the value of (-2 - -4) + (-11 - (10 + -10))?
-9
Evaluate 2 + 3 + 6 + -3.
8
-3 - (8 + -7) - (0 + -2)
-2
Evaluate 4 + -2 - (3 + -6).
5
What is the value of (-6 + 2 - -15) + 1 + -5?
7
Calculate (3 + (6 - 5) - -3) + -3.
4
Calculate (-3 - 2) + -1 + 4 + -1.
-3
Evaluate -12 + (-5 - (5 - 19)).
-3
-2 - (-9 + 9) - -9
7
Evaluate 4 - (4 + 2 + -7).
5
(0 - -9) + (-74 - -65)
0
Calculate -3 + 3 + (4 - 2).
2
What is (-4 - (-10 - -9)) + 4?
1
Evaluate (-4 - -1) + (-28 - -18) + 9.
-4
What is (0 - 4) + 37 + -34?
-1
Calculate (-3 - -1) + (-8 - (3 + -18)).
5
Evaluate 1 + (-5 - (-7 - (6 + -10))).
-1
Calculate (2 - 1 - 3) + 3.
1
Evaluate -6 - ((-12 - -19) + -8).
-5
(1 - 13 - -14) + -5
-3
Calculate (1 - 0) + -5 + 6 - 6.
-4
-3 + 2 + 0 + -2 + 7
4
What is the value of (15 - 2 - 11) + (0 - -2)?
4
Calculate 48 + -55 + 2 + 12 + -2.
5
1 - (0 + -3) - 5
-1
Calculate (4 - (8 + 2)) + 5 + -1.
-2
Calculate (-1 - (3 + 1 + 1)) + 6.
0
Calculate -90 + 90 + -5 + 2.
-3
-9 - (12 - (14 + 8))
1
Evaluate 15 - (-9 + 27 - 10).
7
What is the value of -4 + 0 + 6 + -8 + 2?
-4
Evaluate -10 + 6 + -1 + 1.
-4
-8 - (-7 - 3) - 6
-4
1 + -1 + -1 + -15 + 22
6
-127 - -127 - (-6 + 1)
5
What is the value of 1 + (0 - 5) - (6 - 8)?
-2
Evaluate -10 - -7 - (-10 - 0).
7
(5 + 3 - 4) + 0
4
What is the value of 1 - 2 - (37 - 30)?
-8
Calculate -2 + 2 + 2 - (0 - -3).
-1
Calculate 19 - 21 - (1 + 1).
-4
Calculate (0 - 4) + 6 - -2.
4
Calculate -3 - (1 + (-5 - -3)).
-2
Calculate 0 + 0 + 2 - -1.
3
Calculate 0 + 10 - (15 + -9).
4
What is the value of (1 - -4 - 4 - 2) + -3?
-4
Calculate 5 - (10 + -5 + 0).
0
Calculate -13 - 2 - -9 - -5.
-1
-8 + (-2 - -11 - 8)
-7
Calculate -2 - ((3 - (-7 - -4)) + -7).
-1
-2 + (-1 - 5) + 3
-5
What is 4 - 0 - (5 + -2)?
1
What is the value of -13 + 1 - (10 + -27 + 15)?
-10
Calculate -1 - (-1 + (0 - -3)).
-3
What is (1 - -1) + (4 - (-3 - -6))?
3
Calculate -4 - (14 + -31) - 7.
6
Calculate 9 + (-3 - 6) - (-1 + 1).
0
What is the value of -4 + -1 - (-88 + 79)?
4
-2 + (-4 - (3 - 6) - 1)
-4
Calculate (3 - (4 + 1)) + 3 + 2.
3
Evaluate -2 - (1 - (1 - 3)).
-5
What is the value of (-1 - 5) + (-11 - (-14 - -5))?
-8
What is the value of (15 - 8) + 2 + -7?
2
Evaluate 2 + -2 + 4 + (2 - 6).
0
What is the value of (3 - 11) + 14 + 2 + 0?
8
-5 + 2 + (1 - (9 + -7))
-4
What is the value of (6 - (-6 + 6) - 2) + 5?
9
What is -2 - ((5 - 3) + 4 + -6)?
-2
Evaluate (0 - 5 - -9) + 1 - 1.
4
(1 - 1) + 3 + -6
-3
What is the value of -1 - -12 - (3 - 6 - -8)?
6
What is the value of 1 - 2 - (-1 + -2 - -3)?
-1
What is the value of -7 - 1 - (3 - 0 - 4)?
-7
What is the value of (10 - (-6 + 11)) + -5?
0
-14 + 11 + 1 + -1
-3
Calculate 4 + 2 - (-23 + 30).
-1
What is 3 - 0 - 1 - (50 - 46)?
-2
What is (-47 - -49) + 2 + 3?
7
What is 0 - -1 - (-14 - -15)?
0
What is the value of (6 - ((4 - 2) + 1)) + -6?
-3
What is the value of -15 + 9 - 6 - -9?
-3
What is 5 + -4 + (1 - -3)?
5
What is 0 + -1 + (18 - 7) + -15?
-5
(-6 + 0 - 0) + 3
-3
Calculate 5 + -2 - 5 - (1 - 6).
3
Calculate 4 - ((1 - (2 + -1)) + 2).
2
What is 5 - (1 - (-1 + -8))?
-5
What is the value of 7 + -8 + -1 - (4 - 1)?
-5
What is 3 - (2 - (-3 + 10) - -4)?
4
What is 1 + (-2 + 3 + -4 - -4)?
2
3 - (0 + -1) - 6
-2
What is (7 + -1 - 5) + -5 + 0?
-4
Calculate -1 - (2 - 10) - 5.
2
What is the value of 9 + -16 - -9 - 7?
-5
Evaluate -4 + 11 - (15 - (-5 - -4)).
-9
Evaluate (6 - 1) + (5 + -1 - 5).
4
-5 - (8 + 2 + -10)
-5
What is the value of 6 - 10 - (1 + -4) - -3?
2
What is -27 - -28 - (-1 - 5) - 1?
6
What is the 